{"id":2,"date":"2016-09-14T09:25:55","date_gmt":"2016-09-14T07:25:55","guid":{"rendered":"http:\/\/www.getraenke-traupe.de\/?page_id=2"},"modified":"2025-06-26T13:37:22","modified_gmt":"2025-06-26T11:37:22","slug":"beispiel-seite","status":"publish","type":"page","link":"https:\/\/www.getraenke-traupe.de\/?page_id=2","title":{"rendered":"\u00dcber uns"},"content":{"rendered":"<p>Eine lange Tradition lehrte uns einen verantwortungsvollen Umgang mit unseren Kunden<\/p>\n<p><em><strong><span style=\"color: #ff0000;\">Chronik des Getr\u00e4nke Fachgro\u00dfhandels Traupe<\/span><\/strong><\/em><br \/>\n1967: Gr\u00fcndung und Beginn des Getr\u00e4nkeverkaufs am 17. August 1967 in Edesheim<br \/>\n1971: Wurde der Betrieb nach Northeim in die Einbecker Landstr. 30 verlegt. Wo ein<br \/>\n3500qm2 gro\u00dfes Firmengel\u00e4nde gekauft wurde.<br \/>\n1973: Umbau der alter Firmengeb\u00e4ude in eine neue Lagerhalle mit Getr\u00e4nkemarkt.<br \/>\n1979: Bau einer neuen Lagerhalle<br \/>\n1992: Jubil\u00e4umsfest 25 Jahre Getr\u00e4nke Traupe<br \/>\n1995: Erweiterung des Au\u00dfengel\u00e4ndes und Neubau der 2. Lagerhalle mit Umbau des Getr\u00e4nkemarkts.<br \/>\n2017: 50-J\u00e4hriges Jubil\u00e4um<\/p>\n<p align=\"LEFT\">Bierprobe mit Kunden bei uns im Mai 2017 von der Brauerei Schneider &amp; Sohn aus Kelheim.<br \/>\nAn diesem Abend wurde \u00fcber die verschiedenen Brauverfahren, oberg\u00e4riges und unterg\u00e4riges Bier und \u00fcber die Geschmacksvielfalt und Kombinationsm\u00f6glichkeiten von Hopfen, Malz, Hefe und Wasser gesprochen.<br \/>\nEs wurden dort von unseren Kunden verschiedene Weizenbiere Sorten getestet und verk\u00f6stigt.<br \/>\nAlle Teilnehmer an diesem Abend waren sehr begeistert und nahmen vieles Wissenswertes mit nach Hause.<\/p>\nngg_shortcode_0_placeholder\n<p align=\"LEFT\">Whisky Verk\u00f6stigung im April 2017 bei uns im Laden von der<br \/>\nFirma Brown-Forman Deutschland GmbH (Jack Daniel`s\u201c).<br \/>\nBei diesem Event wurden 6 verschieden Sorten von Jack Daniel`s probiert,<br \/>\nausf\u00fchrlich \u00fcber die Herstellung und Lagerung informiert.<br \/>\nAm Ende des Abends gab es f\u00fcr jeden Teilnehmer noch ein nettes Geschenk der Firma Brown-Forman.<\/p>\nngg_shortcode_1_placeholder\n<p align=\"JUSTIFY\">&nbsp;<\/p>\n<p><iframe loading=\"lazy\" style=\"border: 0;\" src=\"https:\/\/www.google.com\/maps\/embed?pb=!1m18!1m12!1m3!1d2471.9126834789777!2d9.99183131563877!3d51.71633997966993!2m3!1f0!2f0!3f0!3m2!1i1024!2i768!4f13.1!3m3!1m2!1s0x47a52cdbbb9895dd%3A0x11eb3b048899897e!2sHermann+Traupe+Getr%C3%A4nkefachgro%C3%9Fhandel+GmbH!5e0!3m2!1sde!2sde!4v1476370512775\" width=\"600\" height=\"450\" frameborder=\"0\" allowfullscreen=\"allowfullscreen\"><\/iframe><\/p>\n","protected":false},"excerpt":{"rendered":"<p>Eine lange Tradition lehrte uns einen verantwortungsvollen Umgang mit unseren Kunden Chronik des Getr\u00e4nke Fachgro\u00dfhandels Traupe 1967: Gr\u00fcndung und Beginn des Getr\u00e4nkeverkaufs am 17. August 1967 in Edesheim 1971: Wurde der Betrieb nach Northeim in die Einbecker Landstr. 30 verlegt. Wo ein 3500qm2 gro\u00dfes Firmengel\u00e4nde gekauft wurde. 1973: Umbau der alter Firmengeb\u00e4ude in eine neue [&hellip;]<\/p>\n","protected":false},"author":1,"featured_media":0,"parent":0,"menu_order":20,"comment_status":"closed","ping_status":"open","template":"","meta":{"ngg_post_thumbnail":0,"footnotes":""},"class_list":["post-2","page","type-page","status-publish","hentry"],"_links":{"self":[{"href":"https:\/\/www.getraenke-traupe.de\/index.php?rest_route=\/wp\/v2\/pages\/2","targetHints":{"allow":["GET"]}}],"collection":[{"href":"https:\/\/www.getraenke-traupe.de\/index.php?rest_route=\/wp\/v2\/pages"}],"about":[{"href":"https:\/\/www.getraenke-traupe.de\/index.php?rest_route=\/wp\/v2\/types\/page"}],"author":[{"embeddable":true,"href":"https:\/\/www.getraenke-traupe.de\/index.php?rest_route=\/wp\/v2\/users\/1"}],"replies":[{"embeddable":true,"href":"https:\/\/www.getraenke-traupe.de\/index.php?rest_route=%2Fwp%2Fv2%2Fcomments&post=2"}],"version-history":[{"count":12,"href":"https:\/\/www.getraenke-traupe.de\/index.php?rest_route=\/wp\/v2\/pages\/2\/revisions"}],"predecessor-version":[{"id":798,"href":"https:\/\/www.getraenke-traupe.de\/index.php?rest_route=\/wp\/v2\/pages\/2\/revisions\/798"}],"wp:attachment":[{"href":"https:\/\/www.getraenke-traupe.de\/index.php?rest_route=%2Fwp%2Fv2%2Fmedia&parent=2"}],"curies":[{"name":"wp","href":"https:\/\/api.w.org\/{rel}","templated":true}]}}